Suppose 3*m + 2*o + 2*o - 35 = 0, 3*m - 4*o - 43 = 0. Let n(h) = -h**3 + m*h**2 + h - 24*h**2 + 12*h**2 + 5*h**2 - 7. What is n(6)?
-1
Suppose -20811*v + 1710 = -20868*v. Let m(u) = 12*u + 365. Determine m(v).
5
Let d(p) be the first derivative of 5*p**3/3 - p - 106. Let k(r) = r**3 - 2*r**2 + r. Suppose -m + 8 = 3*m. Let n be k(m). Give d(n).
19
Let l(d) = -4910 - 8*d + 10*d + 4873 + 8*d. Give l(3).
-7
Suppose 2*v + 6 = -2*y, -4*y = 3*v - 5*v + 24. Let s(j) = -26*j**2 + 15*j**2 - v*j - 7 + 12*j**2. What is s(6)?
17
Let z = 36943 - 36941. Let j(y) be the second derivative of 7/12*y**4 + 0 - 1/10*y**5 - 1/2*y**3 - z*y**2 - 10*y. Determine j(4).
-32
Suppose 0 = -5*d + 2*a + 8, 2*a = 18*d - 19*d + 4. Let o(k) be the second derivative of -1/6*k**3 + 0 - k**d - 14*k. Calculate o(-3).
1
Let o be 61*(5 - (0 - -4)). Suppose 0 = -11*j - 17 + o. Let m(s) = s - 4. Give m(j).
0
Let w(i) be the third derivative of i**5/60 + i**3/6 + 36*i**2. Let v = -467 + 470. What is w(v)?
10
Let y(k) = -k**3 + 3*k - 8*k**2 - 323 - k - 6*k + 164 + 167. Let v = 22 - 12. Let q = v - 17. What is y(q)?
-13
Let l be 11/7 - (-36)/84. Let g be (184/(-16))/(l - 5/2). Let y(q) = -q + q - q - g + 15. Determine y(-6).
-2
Let c = 1343 - 1343. Let s(t) = t**3 - 5617 + 2*t - t**2 - t + 5620. Calculate s(c).
3
Let d be (28/42)/(2 - (-160)/(-75)). Let n(o) = -o**2 - 8*o - 6. Give n(d).
9
Let k(v) be the first derivative of 39 + 21*v + 17/3*v**3 + 1/4*v**4 + 31/2*v**2. Let j be k(-15). Let m(l) = l**3 - 7*l**2 + 4*l + 2. What is m(j)?
-10
Let t(x) = x**2 - 13*x. Let h(g) = -g**2 + 14*g. Let u(a) = -4*h(a) - 5*t(a). Let d = 37 + -31. Give u(d).
18
Let r(y) = -y**3 + y**2 + y - 1. Suppose 4*c + 4*v = -v - 125, -v = 4*c + 105. Let s be (60/c)/(-2)*(-5)/2. Let u be (((-27)/15)/s)/((-4)/(-20)). Give r(u).
-16
Let z(r) = -42562 - 9*r + 42512 + 6*r. Give z(-25).
25
Let o = -4 + 5. Let h(m) = o - 8 + 0 - 1 - m. Suppose -5*u = 4*a + 13, 0 = 4*a + 4*u - 4 + 20. Give h(a).
-1
Let a(v) = v**2 - 12*v + 11. Suppose -2211*d + 2224*d = 130. Determine a(d).
-9
Let c be -2*(-65)/(-156)*6. Let i(n) = 0*n - 6 - 2*n + n. Give i(c).
-1
Suppose -14 = 17*s - 65. Suppose m = -2*y + 15, -8*y = -s*y + 3*m - 37. Let z(i) = -i**3 + 7*i**2 + 7*i + 10. What is z(y)?
2
Let v(z) = -z**2 + 16*z - 4. Let w be (7 + -1)*(-2)/(-4) - (857 - 870). Calculate v(w).
-4
Suppose -50 = -5*y - 10. Let v(p) = -y*p + 1 + 12*p - 4*p - 2*p. What is v(4)?
-7
Let m(v) = 71*v + 350. Let s be 5*((-2)/(-39) - (-9348)/(-8892)). Give m(s).
-5
Let n(k) = -11*k**2 + 9*k - 5. Let p(j) = 35*j**2 - 28*j + 13. Let i(h) = 13*n(h) + 4*p(h). Calculate i(6).
-91
Let s(i) be the second derivative of 7*i**3/6 + 7*i**2 - 3157*i. Calculate s(-7).
-35
Let s(f) = f**3 + 4*f**2 - 10*f + 14. Let u be s(-6). Let h(q) = -7*q + 527*q**2 - 268*q**u - 260*q**2 - 3. Calculate h(-6).
3
Let c be (16 - 27)/(-11)*-1. Let a(s) = -16*s**2 + 4*s + 4. Give a(c).
-16
Let t(l) = 12*l - 31. Let u(z) = -z**2 - 15*z + 21. Let y(r) = -2*t(r) - 3*u(r). Calculate y(-10).
89
Suppose -87*u = -76*u - 88. Let l(g) = -g**3 + 6*g**2 + 17*g - 18. Determine l(u).
-10
Suppose -4*i - 69 = -d, -2067*i + 2070*i + 54 = 3*d. Let c(g) = 4*g + 83. What is c(i)?
15
Suppose 0 = 2*l - t, 0 = -5*l + 3*t + 3 - 1. Let y(b) = -b + 1. Let g(d) = 3*d - 2. Let i(q) = l*g(q) - 5*y(q). Suppose -1969 = 28*v - 2053. Calculate i(v).
-4
Suppose 5*u = -76*x + 77*x, 0 = 5*x - 2*u + 69. Let j(w) = w**3 + 15*w**2 + 34. Give j(x).
34
Suppose 22*y - 26*y = -48. Let s be ((-45)/(-27))/(10/y). Let d(o) = -s*o + 214 - 107 - 102. Determine d(4).
-3
Let x = -2 + -2. Suppose 0 = a - 5, 0*a + 90 = 5*c + a. Let s(p) = c*p + p**2 + 15*p - 30*p + 4 - 2. Determine s(x).
10
Let y(d) = -1973 + 986 + 913 + 12*d. Let q be y(6). Let x(r) = 2*r**2 + 3*r + 2. Determine x(q).
4
Let b(g) be the first derivative of -2*g**2 - 44*g - 1090. What is b(-17)?
24
Let q(d) = d**2 + 2*d + 4. Let f(u) = -u**3 + 8*u**2 - 15*u + 2. Let b be f(5). Calculate q(b).
12
Let q(k) be the third derivative of -k**5/60 + 3*k**4/4 - 16*k**3/3 + k**2 - 244*k. Give q(13).
33
Let q(v) = v**3 + 127*v**2 + 602*v - 8. Let k be q(-5). Let h(c) = -3*c + 95. What is h(k)?
-1
Let n(x) be the second derivative of 2*x**2 - 2/3*x**3 + 1/6*x**4 - 47*x + 0. Give n(2).
4
Let j(d) = 9*d**3 - 2*d**2 - d. Let y = 6 + -20. Let i be 3/((6/y)/((-48)/(-84))). Let q be ((-1)/4)/(i + (-85)/(-20)). Determine j(q).
-10
Let j(a) be the second derivative of -a**3/6 + 3*a**2/2 + 43*a. Let k(u) = 4*u - 12. Let r(g) = -18*j(g) - 4*k(g). Suppose l = 2*l + 5. What is r(l)?
-16
Let h(a) = -a**2 - 2*a + 1. Suppose 0 = -3*p + 4*d - 1, -4*d + 159 - 143 = 0. Determine h(p).
-34
Let x(y) be the second derivative of -y**7/126 - y**6/720 + 34*y**4/3 + 130*y. Let q(f) be the third derivative of x(f). Determine q(-1).
-19
Let w(f) = -6*f + 43. Suppose 2*b + 34 = 4*r, -9*b = -5*r - 10*b + 25. Calculate w(r).
7
Suppose 0 = 205*l - 95*l + 880. Let q(j) = -j**2 - 12*j - 33. Calculate q(l).
-1
Let d(v) = 6*v**3 - 16*v**2 - 5*v - 4. Let w(f) = 7*f**3 - 19*f**2 - 6*f - 5. Let n(j) = -6*d(j) + 5*w(j). Give n(2).
-5
Let t(y) = -3*y**2 - 2*y - 1. Let v be ((-4)/(-42) - 254/21)*18. Let n = -217 - v. Give t(n).
-2
Let k(u) = -5*u**2 + 5*u - 5. Let p(x) = 4*x**2 - 4*x + 6. Suppose -3*l + 156 = -7*l. Let d be l/13*(-2 + 2 - -1). Let h(o) = d*k(o) - 4*p(o). What is h(0)?
-9
Let h(m) be the second derivative of -m**3/2 + 2*m. Let o(g) = -g**2 + 33*g - 212. Let n be o(24). Determine h(n).
-12
Let a(z) = 0*z - z - 1 + 0. Let n(x) = 4*x**3 + 3*x**2 - 5*x - 5. Let q be n(-3). Let s = q - -65. Calculate a(s).
5
Let n(m) = m**3. Let t(r) = 7*r**3 - 8*r**2 + 8*r - 3. Suppose 33*g + 18 = 30*g. Let u(v) = g*n(v) + t(v). Let x = 131 - 125. What is u(x)?
-27
Let z be ((-840)/(-80))/((-2)/8*-3). Let g(x) = x**2 - 21*x + 25. Give g(z).
-73
Let b be (-8 - -5) + 28/1. Suppose -26*z + 11 = -b*z. Let j(r) = -r**2 + 3*r**2 - r**2 - 12*r + 14. What is j(z)?
3
Let j(v) = -5*v**3 - 2*v**2 - v + 1. Let k = 7141 + -7142. What is j(k)?
5
Let z be -36*19/(-76)*(-2 - 0)/2. Let s(i) = -4*i - 45. Give s(z).
-9
Suppose 29*d = -15*d - 396. Let k(s) be the second derivative of s**3/6 + 9*s**2/2 + 2*s. Give k(d).
0
Let r(f) = 0 + 5*f + 0 + f**2 + 3. Let v be -1 - -48 - 10 - 40. Give r(v).
-3
Let j(q) = 5*q - 39. Let g be j(9). Let v(i) = -15*i**2 - 31*i**2 + 6 - 37*i**2 + 5*i + 82*i**2. Determine v(g).
0
Let a(q) = -q + 1. Let h(k) = -3*k + 4. Suppose -13 = -4*o + w, 5*o + 0*o + 4*w = 11. Suppose 0 = -o*n + 2*n. Let y be h(n). Give a(y).
-3
Let c(d) be the first derivative of -d**2/2 + 5*d - 5230. Determine c(21).
-16
Let b(g) = -5*g + 10. Let f(w) be the first derivative of w**4/4 - 10*w**3 - 31*w**2/2 + 8*w - 43. Let d be f(31). Determine b(d).
-30
Let c(u) = 12*u**3 - 2*u - 1. Let f(g) = 3*g + 45. Let y be f(9). Suppose 4*k + 2*s = y, -4*k + 0*s = s - 72. Let x be 2/(-3)*k/12. Calculate c(x).
-11
Let f(b) = 8092*b + 16 - 8115*b - 31 + 2. Give f(-5).
102
Let z(y) be the first derivative of -2*y - 4/3*y**3 + 5/2*y**2 - 173. Calculate z(3).
-23
Suppose 5 = m, 0 = 4*b - 413*m + 409*m + 44. Let a(u) = -2*u**3 - 11*u**2 + 8*u + 8. What is a(b)?
-4
Let q(s) = -3*s + 60. Let b(u) = 6*u - 156. Let h(j) = -2*b(j) - 5*q(j). Calculate h(-5).
-3
Let y(z) be the first derivative of z**4/4 - 3*z**3 + 9*z**2 - 28*z + 732. What is y(7)?
0
Let n(f) = f**2 - 8*f + 5. Suppose -48*d + 657 = -245*d - 525. Give n(d).
89
Let o(p) be the second derivative of -p**4/12 + p**3/3 + 3*p**2/2 + 3*p - 35. Let k(i) = 7*i + 79. Let m be k(-12). Determine o(m).
-32
Suppose -119*v + 8 = -117*v - p, -p - 2 = v. Let a(q) = -4*q**3 + 3*q**2 - 3*q + 2. What is a(v)?
-24
Let g(o) = 4*o - 50. Suppose -5*h - 5*a + 95 = 0, 33*a - 86 = -5*h + 31*a. Calculate g(h).
14
Suppose 5*p = 2*h + 46, -4*h - 31 = -2*p + h. Suppose 6*z = 10*z - 4*l - p, -4*l = 2*z - 10. Let f(j) = 24 - j**z - 4*j**2 - 6*j - 52 + 26. Calculate f(-4).
22
Let p(h) = 14*h - 57 - 19*h + 329 - 153 - 34*h. What is p(3)?
2
Let n be (18/3)/(2/(-15) + 224/(-120)). Let x(z) = 2*z**3 + 5*z**2 + 3*z + 4. What is x(n)?
-14
Let h(k) = -81*k**2 + 44*k - 257. Let u(b) = 11*b**2 - 6*b + 37. Let p(o) = -3*h(o) - 22*u(o). Calculate p(8).
21
Let z(x) = 2*x + 8. Suppose -31*t - 6*t = -333. Suppose -t*k + k = 88. Give z(k).
-14
Let o(v) be t